tor of 74 and 74?
74
What is the greatest common divisor of 14 and 5873?
7
What is the highest common factor of 364 and 104?
52
What is the highest common factor of 38 and 209?
19
Calculate the highest common divisor of 2448 and 90.
18
Calculate the greatest common factor of 21 and 525.
21
What is the highest common divisor of 50 and 1310?
10
What is the highest common factor of 20 and 480?
20
What is the highest common divisor of 1125 and 45?
45
What is the greatest common factor of 10 and 430?
10
What is the highest common divisor of 366 and 102?
6
Calculate the highest common factor of 54 and 21.
3
Calculate the greatest common divisor of 104 and 884.
52
What is the highest common divisor of 6370 and 40?
10
Calculate the highest common factor of 816 and 18.
6
Calculate the highest common divisor of 27 and 351.
27
What is the greatest common divisor of 15 and 435?
15
What is the highest common divisor of 42 and 174?
6
What is the greatest common factor of 69 and 1725?
69
Calculate the highest common divisor of 3277 and 29.
29
Calculate the greatest common factor of 18 and 369.
9
What is the highest common divisor of 20 and 16080?
20
What is the highest common divisor of 90 and 390?
30
Calculate the highest common divisor of 338 and 2.
2
What is the greatest common divisor of 3744 and 216?
72
What is the highest common factor of 6757 and 116?
29
Calculate the highest common factor of 279 and 2449.
31
What is the highest common factor of 1 and 27?
1
Calculate the greatest common divisor of 896 and 320.
64
What is the greatest common divisor of 78 and 1014?
78
What is the greatest common divisor of 29 and 899?
29
What is the greatest common factor of 120 and 1416?
24
What is the greatest common factor of 154 and 7161?
77
What is the highest common divisor of 29 and 8?
1
Calculate the highest common factor of 954 and 54.
18
What is the highest common divisor of 741 and 19?
19
Calculate the greatest common divisor of 1017 and 9.
9
What is the greatest common divisor of 5 and 580?
5
What is the highest common divisor of 6216 and 63?
21
What is the highest common factor of 153 and 1275?
51
What is the greatest common factor of 22 and 869?
11
What is the greatest common factor of 4 and 36?
4
What is the highest common factor of 110 and 21010?
110
What is the greatest common factor of 2470 and 855?
95
Calculate the highest common divisor of 16 and 176.
16
Calculate the highest common divisor of 270 and 8775.
135
What is the highest common divisor of 799 and 136?
17
What is the greatest common divisor of 43 and 43?
43
Calculate the greatest common factor of 276 and 1794.
138
What is the highest common divisor of 47 and 16403?
47
What is the highest common factor of 209 and 57?
19
Calculate the greatest common divisor of 74310 and 10.
10
What is the highest common factor of 50 and 110?
10
What is the highest common factor of 19 and 1691?
19
Calculate the highest common factor of 5635 and 184.
23
What is the highest common factor of 3255 and 2415?
105
What is the highest common factor of 9 and 9?
9
Calculate the greatest common divisor of 6 and 3063.
3
Calculate the highest common divisor of 80 and 404.
4
Calculate the greatest common divisor of 296 and 3959.
37
What is the highest common divisor of 68178 and 33?
33
Calculate the greatest common divisor of 6255 and 54.
9
Calculate the greatest common divisor of 40 and 5560.
40
Calculate the greatest common divisor of 396 and 132.
132
Calculate the highest common factor of 32 and 72.
8
Calculate the highest common divisor of 71 and 5893.
71
Calculate the greatest common factor of 20 and 52.
4
Calculate the highest common divisor of 31 and 2201.
31
What is the greatest common factor of 47 and 9118?
47
What is the highest common divisor of 12 and 116?
4
What is the highest common factor of 251 and 1?
1
Calculate the highest common factor of 5 and 115.
5
Calculate the greatest common factor of 5536 and 32.
32
Calculate the highest common factor of 708 and 12.
12
Calculate the highest common divisor of 21471 and 153.
51
Calculate the greatest common factor of 81 and 3807.
81
Calculate the highest common divisor of 34 and 86.
2
What is the highest common factor of 152 and 40?
8
What is the greatest common divisor of 6 and 27?
3
Calculate the greatest common divisor of 324 and 288.
36
Calculate the highest common factor of 91 and 14.
7
Calculate the highest common divisor of 848 and 689.
53
What is the highest common factor of 5 and 640?
5
Calculate the highest common divisor of 122 and 2318.
122
What is the highest common factor of 184 and 80?
8
What is the highest common divisor of 8 and 6?
2
What is the greatest common divisor of 36 and 2646?
18
Calculate the greatest common divisor of 80 and 1310.
10
What is the highest common factor of 3 and 183?
3
What is the highest common factor of 4996 and 4?
4
What is the greatest common factor of 175 and 25?
25
Calculate the highest common factor of 132 and 462.
66
What is the highest common factor of 5525 and 50?
25
Calculate the highest common factor of 5766 and 48.
6
What is the highest common divisor of 3042 and 396?
18
What is the highest common divisor of 14 and 104?
2
Calculate the highest common factor of 495 and 135.
45
What is the highest common divisor of 198 and 28809?
99
What is the greatest common divisor of 5239 and 31?
31
Calculate the greatest common factor of 24 and 32.
8
What is the highest common factor of 606 and 6?
6
Calculate the greatest common factor of 527 and 153.
17
What is the highest common factor of 5628 and 84?
84
What is the greatest common divisor of 36 and 612?
36
Calculate the highest common divisor of 24 and 1336.
8
What is the greatest common factor of 31418 and 46?
46
Calculate the highest common divisor of 145 and 15.
5
What is the greatest common factor of 38 and 2?
2
Calculate the greatest common factor of 41 and 410.
41
What is the highest common factor of 903 and 14?
7
Calculate the greatest common factor of 77 and 11.
11
What is the greatest common divisor of 658 and 14?
14
What is the highest common divisor of 32 and 1264?
16
Calculate the greatest common factor of 1280 and 25.
5
What is the greatest common divisor of 1168 and 16?
16
What is the highest common factor of 24 and 808?
8
Calculate the greatest common divisor of 40 and 232.
8
What is the greatest common divisor of 22 and 44088?
22
What is the highest common divisor of 387 and 720?
9
What is the greatest common factor of 451 and 11?
11
What is the greatest common divisor of 17 and 85?
17
Calculate the highest common factor of 23 and 161.
23
What is the highest common divisor of 30 and 174?
6
What is the greatest common divisor of 150 and 345?
15
Calculate the highest common divisor of 75278 and 266.
266
What is the highest common divisor of 7764 and 60?
12
What is the greatest common factor of 517 and 893?
47
What is the greatest common divisor of 1007 and 53?
53
What is the highest common factor of 21 and 434?
7
Calculate the greatest common factor of 40 and 1376.
8
Calculate the highest common factor of 2 and 34.
2
Calculate the greatest common factor of 92 and 2047.
23
What is the greatest common factor of 6 and 3954?
6
Calculate the highest common factor of 8 and 7.
1
What is the highest common divisor of 139 and 2?
1
What is the highest common factor of 2704 and 80?
16
What is the greatest common factor of 26 and 26?
26
Calculate the greatest common divisor of 195 and 1118.
13
Calculate the highest common factor of 325 and 3185.
65
Calculate the highest common factor of 5150 and 721.
103
Calculate the greatest common factor of 3601 and 3878.
277
Calculate the highest common divisor of 567 and 324.
81
What is the highest common divisor of 8 and 200?
8
Calculate the greatest common factor of 40 and 760.
40
What is the greatest common factor of 1026 and 304?
38
Calculate the highest common factor of 65 and 234.
13
Calculate the highest common divisor of 493 and 17.
17
What is the greatest common factor of 161 and 175?
7
Calculate the highest common factor of 3 and 19.
1
What is the highest common divisor of 56 and 11144?
56
Calculate the greatest common divisor of 2 and 39980.
2
Calculate the greatest common divisor of 454 and 18387.
227
What is the gre